{"id":192,"date":"2016-02-22T15:18:55","date_gmt":"2016-02-22T15:18:55","guid":{"rendered":"http:\/\/loja.qualalbatroz.pt\/?product=import-placeholder-for-310"},"modified":"2024-10-16T12:30:55","modified_gmt":"2024-10-16T11:30:55","slug":"o-elefante","status":"publish","type":"product","link":"https:\/\/loja.qualalbatroz.pt\/?product=o-elefante","title":{"rendered":"O Elefante"},"content":{"rendered":"<p><i>O Elefante<\/i> \u00e9 uma serigrafia divertida e colorida baseada numa ilustra\u00e7\u00e3o feita para um livros de crian\u00e7as com adivinhas sobre animais. Trata-se de uma edi\u00e7\u00e3o limitada, impressa a 3 cores quentes e vivas sobre um suporte de papel artesanal de algod\u00e3o, feito a partir de restos de tecido vindo de f\u00e1bricas de roupa.<\/p>\n<p>A edi\u00e7\u00e3o \u00e9 de 28 exemplares e todas as serigrafias est\u00e3o assinada e numeradas. <\/p>\n","protected":false},"excerpt":{"rendered":"<p>Uma serigrafia divertida e colorida baseada numa ilustra\u00e7\u00e3o feita para um livros de crian\u00e7as. Uma edi\u00e7\u00e3o limitada de 28 exemplares, impresso \u00e0 m\u00e3o, da autoria de Marc Parchow.<\/p>\n<p>PVP: 20,00 \u20ac<br \/>\nDesconto do editor: 10%<\/p>\n","protected":false},"featured_media":193,"comment_status":"open","ping_status":"closed","template":"","meta":[],"product_brand":[],"product_cat":[149,40],"product_tag":[71,27,52,118],"class_list":{"0":"post-192","1":"product","2":"type-product","3":"status-publish","4":"has-post-thumbnail","6":"product_cat-ilustracao-infantil","7":"product_cat-serigrafias","8":"product_tag-bichos","9":"product_tag-marc-parchow","10":"product_tag-natureza","11":"product_tag-para-criancas","13":"first","14":"instock","15":"taxable","16":"shipping-taxable","17":"purchasable","18":"product-type-simple"},"_links":{"self":[{"href":"https:\/\/loja.qualalbatroz.pt\/index.php?rest_route=\/wp\/v2\/product\/192","targetHints":{"allow":["GET"]}}],"collection":[{"href":"https:\/\/loja.qualalbatroz.pt\/index.php?rest_route=\/wp\/v2\/product"}],"about":[{"href":"https:\/\/loja.qualalbatroz.pt\/index.php?rest_route=\/wp\/v2\/types\/product"}],"replies":[{"embeddable":true,"href":"https:\/\/loja.qualalbatroz.pt\/index.php?rest_route=%2Fwp%2Fv2%2Fcomments&post=192"}],"wp:featuredmedia":[{"embeddable":true,"href":"https:\/\/loja.qualalbatroz.pt\/index.php?rest_route=\/wp\/v2\/media\/193"}],"wp:attachment":[{"href":"https:\/\/loja.qualalbatroz.pt\/index.php?rest_route=%2Fwp%2Fv2%2Fmedia&parent=192"}],"wp:term":[{"taxonomy":"product_brand","embeddable":true,"href":"https:\/\/loja.qualalbatroz.pt\/index.php?rest_route=%2Fwp%2Fv2%2Fproduct_brand&post=192"},{"taxonomy":"product_cat","embeddable":true,"href":"https:\/\/loja.qualalbatroz.pt\/index.php?rest_route=%2Fwp%2Fv2%2Fproduct_cat&post=192"},{"taxonomy":"product_tag","embeddable":true,"href":"https:\/\/loja.qualalbatroz.pt\/index.php?rest_route=%2Fwp%2Fv2%2Fproduct_tag&post=192"}],"curies":[{"name":"wp","href":"https:\/\/api.w.org\/{rel}","templated":true}]}}