{"id":3598,"date":"2018-04-19T16:58:31","date_gmt":"2018-04-19T15:58:31","guid":{"rendered":"https:\/\/loja.qualalbatroz.pt\/?post_type=product&#038;p=3598"},"modified":"2024-09-21T10:23:04","modified_gmt":"2024-09-21T09:23:04","slug":"pirilampo-o-velho-pescador-de-estrelas","status":"publish","type":"product","link":"https:\/\/loja.qualalbatroz.pt\/?product=pirilampo-o-velho-pescador-de-estrelas","title":{"rendered":"Pirilampo: O Velho Pescador de Estrelas"},"content":{"rendered":"<p>O que encanta nesta hist\u00f3ria \u00e9 a simplicidade simb\u00f3lica que lhe d\u00e1 a aura de lenda e, ao mesmo tempo, nos faz sentir em casa. N\u00e3o porque tenhamos todos nascido e crescido ao ritmo da faina, navegando por lendas de pescadores, mas porque est\u00e1 na natureza humana morder o isco de relatos em que a fantasia se funde com a verdade. Ou talvez porque um dia, simbolicamente ou n\u00e3o, todos partimos do cais da inf\u00e2ncia, guiados pelo farol dos nossos sonhos. <\/p>\n<p>Em alto-mar, todavia, o farol que mais brilha \u00e9 o dos afectos, e por isso h\u00e1 sempre um dia em que o vento traz o desejo de voltar&#8230;<\/p>\n<p>Uma hist\u00f3ria para todas as idades, que fala de amizade, de solidariedade, da descoberta de n\u00f3s pr\u00f3prios e de crescimento. Escreveu-a (ou pescou-a) o Carlos Canhoto, neste livro que o Paulo Galindro diz ter \u00abtatuado\u00bb.<\/p>\n","protected":false},"excerpt":{"rendered":"<p>Assim que abrimos o <em>Pirilampo: O Velho Pescador de Estrelas<\/em> come\u00e7amos a ouvir uma voz antiga e sedutora de que n\u00e3o vamos querer escapar. Nesse preciso instante, nascemos numa aldeia de pescadores, sentimos sob os p\u00e9s a areia da praia, e na boca o sabor da maresia\u2026<\/p>\n<p>PVP: 12,00 \u20ac<br \/>\nDesconto do editor: 10%<\/p>\n","protected":false},"featured_media":3601,"comment_status":"open","ping_status":"closed","template":"","meta":[],"product_brand":[],"product_cat":[398,258],"product_tag":[186,222,26,118,178],"class_list":{"0":"post-3598","1":"product","2":"type-product","3":"status-publish","4":"has-post-thumbnail","6":"product_cat-livros","7":"product_cat-livros-de-outras-editoras","8":"product_tag-carlos-canhoto","9":"product_tag-garatuja","10":"product_tag-maravilhoso","11":"product_tag-para-criancas","12":"product_tag-paulo-galindro","14":"first","15":"outofstock","16":"taxable","17":"shipping-taxable","18":"purchasable","19":"product-type-simple"},"_links":{"self":[{"href":"https:\/\/loja.qualalbatroz.pt\/index.php?rest_route=\/wp\/v2\/product\/3598","targetHints":{"allow":["GET"]}}],"collection":[{"href":"https:\/\/loja.qualalbatroz.pt\/index.php?rest_route=\/wp\/v2\/product"}],"about":[{"href":"https:\/\/loja.qualalbatroz.pt\/index.php?rest_route=\/wp\/v2\/types\/product"}],"replies":[{"embeddable":true,"href":"https:\/\/loja.qualalbatroz.pt\/index.php?rest_route=%2Fwp%2Fv2%2Fcomments&post=3598"}],"wp:featuredmedia":[{"embeddable":true,"href":"https:\/\/loja.qualalbatroz.pt\/index.php?rest_route=\/wp\/v2\/media\/3601"}],"wp:attachment":[{"href":"https:\/\/loja.qualalbatroz.pt\/index.php?rest_route=%2Fwp%2Fv2%2Fmedia&parent=3598"}],"wp:term":[{"taxonomy":"product_brand","embeddable":true,"href":"https:\/\/loja.qualalbatroz.pt\/index.php?rest_route=%2Fwp%2Fv2%2Fproduct_brand&post=3598"},{"taxonomy":"product_cat","embeddable":true,"href":"https:\/\/loja.qualalbatroz.pt\/index.php?rest_route=%2Fwp%2Fv2%2Fproduct_cat&post=3598"},{"taxonomy":"product_tag","embeddable":true,"href":"https:\/\/loja.qualalbatroz.pt\/index.php?rest_route=%2Fwp%2Fv2%2Fproduct_tag&post=3598"}],"curies":[{"name":"wp","href":"https:\/\/api.w.org\/{rel}","templated":true}]}}