{"id":84,"date":"2014-05-10T06:59:11","date_gmt":"2014-05-10T05:59:11","guid":{"rendered":"http:\/\/loja.qualalbatroz.pt\/?product=import-placeholder-for-114"},"modified":"2023-11-16T08:13:32","modified_gmt":"2023-11-16T08:13:32","slug":"avidamente","status":"publish","type":"product","link":"https:\/\/loja.qualalbatroz.pt\/?product=avidamente","title":{"rendered":"Avidamente"},"content":{"rendered":"<p>A produ\u00e7\u00e3o po\u00e9tica de Alfredo Costa Monteiro \u00e9 marcada por uma s\u00edntese muito pessoal da corrente dada\u00edsta e do movimento da poesia concreta. O m\u00f3bil da sua escrita \u00e9 o desvendar dos mist\u00e9rios da linguagem, das suas coincid\u00eancias expressivas, \u00e0s vezes t\u00e3o inacreditavelmente coincidentes que n\u00e3o podem ser apenas l\u00fadicas, mas que s\u00e3o, para o poeta, vislumbres de combinat\u00f3rias ocultas em ac\u00e7\u00e3o. Sobre o poema &#8220;Avidamente&#8221;, Alfredo Costa Monteiro diz-nos o seguinte:<\/p>\n<p>\u00abA \u00e1rvore sempre tem sido um s\u00edmbolo de sabedoria. Dos seus ramos, caem frutos que s\u00e3o alimento para o pensamento; frutos proibidos, n\u00e3o esque\u00e7amos. Mas isso, parece j\u00e1 ser uma hist\u00f3ria antiga. Ou talvez nem seja assim t\u00e3o antiga. E se calhar \u00e9 por isso que essa desordem aparente acaba por formar uma mensagem, impressa nessa prata t\u00e3o buscada pelos alquimistas e que parece levar a um enigma: n\u00e3o sabemos qual \u00e9 a mentira, mas intu\u00edmos que nela est\u00e1 a realidade do mundo. Aqui, a poesia j\u00e1 n\u00e3o \u00e9 inspira\u00e7\u00e3o, nem verso, nem outra coisa do que simples combinat\u00f3ria, como um c\u00f3digo para decifrar; nasce do espa\u00e7o que existe entre as letras para dar outro sentido \u00e0quilo que j\u00e1 conhecemos.\u00bb (Barcelona, Mar\u00e7o 2014) <\/p>\n<p>&#8220;Avidamente&#8221; \u00e9 uma serigrafia assinada e numerada com uma tiragem de 20 exemplares. Por ser um produto manufacturado \u00e9 poss\u00edvel que haja pequenas diferen\u00e7as em cada uma das impress\u00f5es<\/p>\n<p>A serigrafia \u00e9 vendida sem moldura ou suporte e enviada para qualquer lugar no mundo num envelope refor\u00e7ado e protegido livre de pl\u00e1stico com informa\u00e7\u00e3o de \u201ctracking\u201d dos correios.<\/p>\n","protected":false},"excerpt":{"rendered":"<p>Serigrafia do poema concreto &#8220;Avidamente&#8221; da autoria do poeta e m\u00fasico portugu\u00eas, Alfredo Costa Monteiro. Uma edi\u00e7\u00e3o exclusiva para a Qual Albatroz com uma tiragem limitada de 20 exemplares.<\/p>\n<p>PVP: 60,00 \u20ac<br \/>\nDesconto do editor: 10%<\/p>\n","protected":false},"featured_media":85,"comment_status":"open","ping_status":"closed","template":"","meta":[],"product_brand":[],"product_cat":[60,40],"product_tag":[61,52],"class_list":{"0":"post-84","1":"product","2":"type-product","3":"status-publish","4":"has-post-thumbnail","6":"product_cat-poesia","7":"product_cat-serigrafias","8":"product_tag-alfredo-costa-monteiro","9":"product_tag-natureza","11":"first","12":"instock","13":"taxable","14":"shipping-taxable","15":"purchasable","16":"product-type-simple"},"_links":{"self":[{"href":"https:\/\/loja.qualalbatroz.pt\/index.php?rest_route=\/wp\/v2\/product\/84","targetHints":{"allow":["GET"]}}],"collection":[{"href":"https:\/\/loja.qualalbatroz.pt\/index.php?rest_route=\/wp\/v2\/product"}],"about":[{"href":"https:\/\/loja.qualalbatroz.pt\/index.php?rest_route=\/wp\/v2\/types\/product"}],"replies":[{"embeddable":true,"href":"https:\/\/loja.qualalbatroz.pt\/index.php?rest_route=%2Fwp%2Fv2%2Fcomments&post=84"}],"wp:featuredmedia":[{"embeddable":true,"href":"https:\/\/loja.qualalbatroz.pt\/index.php?rest_route=\/wp\/v2\/media\/85"}],"wp:attachment":[{"href":"https:\/\/loja.qualalbatroz.pt\/index.php?rest_route=%2Fwp%2Fv2%2Fmedia&parent=84"}],"wp:term":[{"taxonomy":"product_brand","embeddable":true,"href":"https:\/\/loja.qualalbatroz.pt\/index.php?rest_route=%2Fwp%2Fv2%2Fproduct_brand&post=84"},{"taxonomy":"product_cat","embeddable":true,"href":"https:\/\/loja.qualalbatroz.pt\/index.php?rest_route=%2Fwp%2Fv2%2Fproduct_cat&post=84"},{"taxonomy":"product_tag","embeddable":true,"href":"https:\/\/loja.qualalbatroz.pt\/index.php?rest_route=%2Fwp%2Fv2%2Fproduct_tag&post=84"}],"curies":[{"name":"wp","href":"https:\/\/api.w.org\/{rel}","templated":true}]}}

<p>A produção poética de Alfredo Costa Monteiro é marcada por uma síntese muito pessoal da corrente dadaísta e do movimento da poesia concreta. O móbil da sua escrita é o desvendar dos mistérios da linguagem, das suas coincidências expressivas, às vezes tão inacreditavelmente coincidentes que não podem ser apenas lúdicas, mas que são, para o poeta, vislumbres de combinatórias ocultas em acção. Sobre o poema &#8220;Avidamente&#8221;, Alfredo Costa Monteiro diz-nos o seguinte:</p>
<p>«A árvore sempre tem sido um símbolo de sabedoria. Dos seus ramos, caem frutos que são alimento para o pensamento; frutos proibidos, não esqueçamos. Mas isso, parece já ser uma história antiga. Ou talvez nem seja assim tão antiga. E se calhar é por isso que essa desordem aparente acaba por formar uma mensagem, impressa nessa prata tão buscada pelos alquimistas e que parece levar a um enigma: não sabemos qual é a mentira, mas intuímos que nela está a realidade do mundo. Aqui, a poesia já não é inspiração, nem verso, nem outra coisa do que simples combinatória, como um código para decifrar; nasce do espaço que existe entre as letras para dar outro sentido àquilo que já conhecemos.» (Barcelona, Março 2014) </p>
<p>&#8220;Avidamente&#8221; é uma serigrafia assinada e numerada com uma tiragem de 20 exemplares. Por ser um produto manufacturado é possível que haja pequenas diferenças em cada uma das impressões</p>
<p>A serigrafia é vendida sem moldura ou suporte e enviada para qualquer lugar no mundo num envelope reforçado e protegido livre de plástico com informação de “tracking” dos correios.</p>

<p>Serigrafia do poema concreto &#8220;Avidamente&#8221; da autoria do poeta e músico português, Alfredo Costa Monteiro. Uma edição exclusiva para a Qual Albatroz com uma tiragem limitada de 20 exemplares.</p>
<p>PVP: 60,00 €<br />
Desconto do editor: 10%</p>
